 digit of d?
6
Let p(i) be the first derivative of 7*i**2/2 + 54*i + 18. Let t be (-4)/(-22) + (1145/55 - 8). What is the tens digit of p(t)?
4
Suppose -35*q + 21*q + 756720 = 66*q. What is the thousands digit of q?
9
Let x = -21818 + 28677. What is the tens digit of x?
5
Let p(d) = -d**3 + 21*d**2 - 17*d - 20. Suppose 2*a = -5*v + 101, 3*a - 19 = -v + 9. What is the tens digit of p(v)?
7
Suppose -317*g + 12327901 = -6966304. What is the ten thousands digit of g?
6
Let g = 83 + -43. Let i = g + -38. Suppose -i = -y + 49. What is the tens digit of y?
5
Suppose -1 = l, l = 6*m - m - 1211. Let t = -236 + m. What is the units digit of t?
6
Let i = -355 + 741. Let j = -146 + i. Suppose 0 = 8*z - 680 + j. What is the tens digit of z?
5
Let z(p) = -14*p - 129. Let u = -80 - -46. What is the tens digit of z(u)?
4
Let m be -1 + (5 + 22/(-4))*-12722. Suppose 23*q - m = -7*q. What is the hundreds digit of q?
2
Let v = 59 - 25. Let d = v - -74. Let w = -30 + d. What is the tens digit of w?
7
Let j be -5 + (1 - 0 - 4). Let r(u) = u**2 + 3*u - 19. Let b be r(j). Let c = 67 + b. What is the tens digit of c?
8
Suppose 0 = -23*q + 302663 + 162535. What is the ten thousands digit of q?
2
Let x(u) = -12*u + 1882. What is the tens digit of x(86)?
5
Suppose 18 = -v - 3*g, -9*v + 5*v - 3*g = 54. What is the hundreds digit of 4/v*849/(-1)?
2
Suppose 3*p - 24 = -9*p. Suppose 4*d - 312 = p*f, -5*d - 3*f = 2*f - 360. What is the hundreds digit of 520/2 + d/19?
2
Suppose -203*j + 100*j + 107*j - 55628 = 0. What is the tens digit of j?
0
Suppose -3*h - 3 = -5*m + 6, 0 = -m - 5*h - 15. Suppose m = -4*x - 2*f + 4856, 23*f = -x + 20*f + 1224. What is the units digit of x?
2
Let b = 17 + -23. Let z = b + 6. Let m(s) = s**2 + 2*s + 92. What is the units digit of m(z)?
2
Let y be (8/(-64) - 11607/(-24))*2. Suppose -9*r + 3853 = -5*r + c, -r + y = c. What is the tens digit of r?
6
Let g(o) be the first derivative of -181*o**2/2 + 34*o + 34. What is the hundreds digit of g(-2)?
3
Suppose -29 + 29 = 3*i. Suppose 3*v + v - k = 222, v - 4*k - 48 = i. Let s = 222 + v. What is the tens digit of s?
7
Suppose -s + 10*b = 9*b - 9466, -5*s + 3*b + 47328 = 0. Suppose -s = -7*p - 2598. What is the tens digit of p?
8
Suppose 0 = 149*w - 584558 - 2425391. What is the thousands digit of w?
0
Suppose 0 = i - 3*r - 122, -i - r = -5*i + 488. Let c = 1468 + i. What is the tens digit of c?
9
Suppose -40*r + 9288122 = 178*r + 755602. What is the hundreds digit of r?
1
Let z = 150271 - 89064. What is the hundreds digit of z?
2
Let b(s) = -7*s - 93. Let p be b(-6). Let o = p - -112. What is the units digit of o?
1
Let s(p) = -p**3 + 8*p**2 + 14*p - 18. Let w be s(8). Suppose -18 = w*k - 97*k. What is the tens digit of 171 + k + (-8)/(-4)?
7
Let w be 8/6*72/16. Suppose 4*n - 1229 = -5*z, z - n - 250 = -w*n. What is the units digit of z?
5
Suppose 4*j - 3 = -d, -4*d - 4 - 16 = 0. Suppose -j*m - 20*n + 116 = -16*n, 5*n - 116 = -2*m. What is the tens digit of m?
5
Let i be (-4 + -4)/(-2) + -1. Suppose -2*y + 26 = 3*y + r, i*r = -y + 8. Suppose 0 = -y*k - d + 132, -4*k + 4*d + 117 = d. What is the tens digit of k?
2
Suppose -4*l - 1631 = -j, 6*l + 8079 = 5*j + 5*l. What is the units digit of j?
5
Let x be 172/24 - (-20)/24. Let i(v) = 6*v**2 - 19*v + 9. What is the tens digit of i(x)?
4
Let q(i) = -41 + 17 - i + 21 + 183*i**2. What is the hundreds digit of q(2)?
7
Let a(b) be the second derivative of -b**3/3 + 98*b**2 - b - 29. What is the units digit of a(-37)?
0
Let y(t) = 5*t + 0 - 16*t + t**2 + 0*t**2 - 16. Let g be y(13). What is the units digit of 22/(-55) - (-44)/g?
4
Suppose 26*w - 23*w + 6 = 0, i = -2*w - 96. Let b = 124 - i. What is the units digit of b?
6
Let s(n) = n**2 + n + 36. Let y be s(0). Let g be 40/y - 3/27. What is the tens digit of g - (((-8)/(-4) - 99) + 3)?
9
Let z(c) = 1523*c**2 - 80*c - 248. What is the tens digit of z(-3)?
9
Let v(d) = 5*d + 21. Let m be v(-6). Let i be m/(-2) + -1 + (-3)/(-6). What is the tens digit of (-36)/(-3) + i - 1?
1
Suppose 0 = -29*y + 6419 + 48449. What is the hundreds digit of y?
8
Suppose 0 = -2*g - 7*g + 81. Suppose -3 - g = -4*k. Suppose k*j = -j + 648. What is the units digit of j?
2
Let u = -4899 + 9931. What is the tens digit of u?
3
Let q(t) = 4*t**2 + 67. Let s(p) = 19*p**2 + 267. Let d(a) = -9*q(a) + 2*s(a). What is the units digit of d(-8)?
9
Let k(t) = 4 + 16 - 7*t + 2*t. Let z be ((-48)/120)/(1/30). What is the units digit of k(z)?
0
Let t be ((-9)/((-27)/30))/(-1). Let z be 1 + 159 + (-7 - t). Suppose -z + 5 = -2*v. What is the tens digit of v?
7
Suppose 0 = -32*b + 10*b - 4884. Let z = b + 797. What is the units digit of z?
5
Suppose 8*x = -28 - 12. What is the units digit of (-18)/45 + (-7)/x?
1
Let q(t) = -5*t**3 + t. Let g be q(-1). Suppose 19*c - 2805 = g*c. What is the units digit of c?
7
Let y(p) = -66*p + 17. Let b be y(9). Let s = 885 + b. What is the units digit of s?
8
Let o = -1207 - -4798. What is the units digit of o?
1
Let y = -125 - -455. Suppose -14*u = -19*u + y. What is the tens digit of u?
6
Suppose -5*y - 10 = 0, v - 4510 = -6*y + 2*y. Suppose -12*n = -21*n + v. What is the tens digit of n?
0
Suppose -l + 538 = -3*w, -2*w + 296 = l - 222. Suppose -4*a + l = -4*v - 646, 281 = a + 3*v. What is the tens digit of a?
9
Let a(v) = -v**2 - 4*v - 1. Suppose -4*m = u - 3*m + 3, -u + 3*m = -1. Let f be a(u). Let j(i) = 24*i + 5. What is the units digit of j(f)?
7
Let v = -312 - -12246. What is the tens digit of v?
3
Suppose 5*i + 3*t + 892 = 0, -2*i - 10*t + 15*t = 332. Suppose -o - 4 = -0*o, -o + 1651 = 5*c. Let p = i + c. What is the units digit of p?
5
Let g(c) = 51*c**2 - 28*c - 15. Suppose -2*w + 1 = -v, -17*v + 20*v - 18 = -w. What is the tens digit of g(v)?
2
Let d(w) = -w**3 + 2*w**2 + 7*w - 3. Let q be d(3). Let z = 15 - q. Suppose 295 = -z*i + 757. What is the tens digit of i?
7
Let d(x) = -x**2 - 14*x - 19. Suppose -780 = -4*h + 4*j, 4*j + 143 = 5*h - 827. Suppose 0 = 5*q - h + 250. What is the units digit of d(q)?
5
Let s = -86032 + 127648. What is the units digit of s?
6
Let z(o) = -o + 7. Let m be z(-3). Let i = 0 + m. Suppose -2 = h - i. What is the units digit of h?
8
Let w(h) = 249*h**2 + 23*h + 133. What is the tens digit of w(-4)?
2
Let l(n) = -2*n**3 + 3*n**2 + 2. Let w be l(3). Suppose 108 = -s + 103. Let h = s - w. What is the units digit of h?
0
What is the ten thousands digit of (-4163)/138*9/6*-428?
1
Let c(r) = 10*r**2 - 7*r + 5. Let l(b) = b - 1. Let x(v) = v**2 - 7*v + 4. Let a(p) = 4*l(p) + x(p). Let z be a(4). What is the hundreds digit of c(z)?
1
Let r be 3*-3*(-35)/63. Suppose r*f - 3400 = -5*j, 86*j - 3*f + 3402 = 91*j. What is the tens digit of j?
8
Let c be 12 - 6 - (0 - -1). Suppose 0 = -4*n - 3*r - 11, -3*n - r - c = 2. What is the tens digit of -87*(-3 - n)/1?
8
Let y(b) = b**3 - 3*b**2 + 8*b - 10. Let c be y(5). Suppose 0 = -89*a + c*a + 3798. What is the units digit of a?
2
Suppose 5*g + 5*h - 7 = 3*h, 0 = -3*g - 2*h + 1. Let y(j) = 13*j + 1. Let t be y(g). Let l = 22 + t. What is the units digit of l?
2
Suppose -750 = 4*k + q, -9*k + 4*q = -12*k - 556. Let a = 359 + k. What is the hundreds digit of a?
1
Let d(p) = p**3 - 3*p**2 + 3*p + 36. Let c be d(7). Suppose -q - 16 + c = 0. What is the tens digit of q?
3
Let k = -5682 + 6742. What is the units digit of k?
0
Let y be (48/(-20))/((-9)/(-30)). Let q be (-105)/(-20) - 6 - 1702/y. Suppose 62 = -i + 3*z + q, -i + 144 = -z. What is the hundreds digit of i?
1
Suppose 0 = -54*k + 1949646 - 870845 + 1559801. What is the hundreds digit of k?
8
What is the units digit of (2 - (-9574)/5)/(10/225*9)?
2
Suppose 27*p - 1098640 = 116738. What is the tens digit of p?
1
Suppose -2*p + 0*p + 180 = 0. Suppose -30*u + 22*u + 96 = 0. Let c = u + p. What is the hundreds digit of c?
1
Let j(s) = -s**2 + 7*s - 13. Let q be j(4). Let a be (-2 - -2)*(-2 - q). Suppose a = -16*u - 112 + 1472. What is the tens digit of u?
8
Suppose 4*f = 5*f + 15. Let l be (6/f + (-6)/10)*-1. What is the hundreds digit of 21/(3/15*l)?
1
Let k = 7138 - 4243. What is the tens digit of k?
9
Let i be 52/13 + (-8040)/(-15). Let m = -6 - -13. Suppose i = -k + m*k. What is the tens digit of k?
9
Suppose 3*q - 6 = 3*i, 4*i - 33 = -3*q - 6. Suppose -q*u + 10*u = -1755. What is the un